 = c + -3. Is q a composite number?
True
Suppose -z + 4 = n, 3*n - 4*z = 12 + 14. Let m be -3 + 6 + 0 + -1. Is ((-105)/n + m)*-2 a composite number?
False
Let k be (2 - (-2)/(-2))*-33. Suppose -4*w + 2*n + 214 = 0, 0 = -3*w - 2*n + 69 + 109. Let u = k + w. Is u a prime number?
True
Is (-6)/(-27) + (-11656)/(-36) + -1 prime?
False
Let m = 17 + -12. Let r(c) = 2*c**2 - 6 + 0*c + 3 + 2*c + m*c**3. Is r(2) a composite number?
True
Let k be 6/(-15) + 14/10. Let i be (-1)/(14/5 + -3). Suppose k = -s, q + i = 3*s + 43. Is q composite?
True
Let s(v) be the first derivative of 6*v**3 + v**2/2 - 2*v + 1. Is s(7) a composite number?
False
Suppose -q + 371 = 5*m - 0*q, 0 = m - 4*q - 91. Suppose 3*h - 102 = m. Is h composite?
False
Let u(l) = 31*l**3 + 5*l**2 - l - 4. Let c be u(3). Let m = -478 + c. Is m prime?
True
Suppose -71*t = -68*t - 2031. Is t composite?
False
Let c(v) = 9*v**2 - 4*v - 1. Let w(h) = 4*h**2 - 2*h. Let m(a) = -3*c(a) + 7*w(a). Is m(7) a composite number?
True
Suppose 0*n = 3*n + 9. Let c(r) = 19*r**2 + 3*r + 1. Let z be c(n). Suppose -z = -5*j + 102. Is j a prime number?
True
Suppose 0 = 4*h - 5*h - 7. Let k(o) = -9*o + 4. Is k(h) a prime number?
True
Let c(m) = 5*m**2 + 17*m + 3. Is c(10) a prime number?
True
Let k = 85 - -218. Suppose 4*c + 3*h - k = 217, -5*c + 627 = -2*h. Is c a composite number?
False
Let m = 2073 + -716. Is m a composite number?
True
Suppose -2*m + 38 = 3*r, -4*r + 4*m + 12 + 12 = 0. Let k be 6/(-15) - 836/r. Let s = k - -121. Is s composite?
False
Let i(g) = g**2 - 7*g + 8. Suppose -x - 16 - 20 = -4*h, 3*h + 2*x = 16. Let m be i(h). Suppose -4*o = -z - 0*o - 4, 2*z + 4*o - m = 0. Is z composite?
True
Let c(v) = 11*v**2 + 4*v + 4. Is c(5) prime?
False
Suppose -4*a = -7*a + 6. Suppose -a*m - 130 = -4*m - 3*d, 2*m - d - 130 = 0. Is m a prime number?
False
Let i be (-2)/(-8) + 74/(-8). Let j(u) = -2*u**3 - 10*u**2 + 11*u + 11. Let g be j(i). Suppose -5*h + 243 = -4*r - g, 5*h = -2*r + 821. Is h composite?
False
Let o(m) = m**3 - 11*m**2 + 17*m + 7. Is o(10) a composite number?
True
Let v(d) = 27*d**2 + 13*d - 5. Is v(-6) prime?
False
Let x = 1649 - 1163. Let i = x + -263. Is i a composite number?
False
Let p = -305 + 1060. Suppose 5*i - p = 2*c + 2*c, 5*c = -2*i + 335. Is i prime?
False
Suppose -2*w + 22 = h, -w - 34 = -3*w + 2*h. Let a = 80 - w. Is a a composite number?
False
Let a be (2 + 0)/(-2) + -9. Let d = 2 - a. Suppose -2*j = j - d. Is j prime?
False
Let p(l) = -86*l + 1. Suppose 0 = -g + 5*g + 4. Is p(g) a composite number?
True
Is -1 - 1728/(-12)*(-20)/(-6) a composite number?
False
Let y be ((-4)/(-2))/(4/422). Let d = 434 - y. Is d prime?
True
Let r = -57 + 126. Is r prime?
False
Suppose -82 - 94 = 4*g. Let x = g - -103. Is x prime?
True
Let x(s) = -s**2 + 8*s - 2. Let n be x(7). Suppose 3*g + 0*g = -3*v + 42, 60 = n*g - 5*v. Is g prime?
True
Let b be -3 + 2 + 5/1. Is (-34)/b*(-5 + 1) composite?
True
Suppose -2765 = -5*g + 5490. Is g composite?
True
Let f(c) = 2*c - 1. Let i be f(2). Suppose 0*n = i*n - 1245. Suppose 2*l = 7*l - n. Is l a prime number?
True
Let h(t) = -t**3 + 5*t**2 - 5*t + 1. Let c be h(4). Let k(q) = -27*q - 13. Let s(d) = -14*d - 7. Let r(m) = c*k(m) + 5*s(m). Is r(3) composite?
False
Suppose -4*z + 97 = -267. Is z a composite number?
True
Let d = 712 - -157. Is d a composite number?
True
Is (27/(-18))/(3/(-1006)) a composite number?
False
Is 2*(-3)/(-6) + 22 a prime number?
True
Is (-22)/3*27/(-18) a composite number?
False
Suppose 2*y - 3*o = -217, 4*y + 18 = -4*o - 426. Let j = y - -182. Let i = -19 + j. Is i a prime number?
True
Let x(i) = -42*i - 19. Is x(-16) a prime number?
True
Let n be (1 - 0)/(2/4). Let h be -1 + (n - 2) - -4. Let a(u) = u**3 - u**2 + 1. Is a(h) composite?
False
Let u(w) = -5*w + 0*w - 8 - 5. Is u(-10) composite?
False
Suppose -p + 1 + 1 = 0. Suppose p*b = -0*b - 6. Is (-2)/(18/b)*33 a composite number?
False
Suppose -t = -50 - 29. Is t a prime number?
True
Suppose -j + 3*j - 724 = 0. Let o = j - 63. Is o prime?
False
Suppose 5 = -5*s, 3*x + s = -3*s + 2297. Is x a prime number?
False
Let h(x) = -2*x**3 - x**2 + 3*x - 3. Suppose 0 = -5*u + a - 24, 4*a - 24 = -0*u + 2*u. Is h(u) composite?
False
Let u(p) = 11*p**2 - 2*p**3 - 9*p**2 - 18*p**3 + p. Is u(-2) a composite number?
True
Let h(a) be the first derivative of a**6/360 - a**5/40 + a**4/4 - a**3/3 - 2. Let q(y) be the third derivative of h(y). Is q(7) composite?
True
Let q be 542/(-3) + (-4)/12. Let l = 124 - q. Suppose -2*p = -6, 0 = -4*k + 2*p - p + l. Is k prime?
False
Suppose -518 = -4*a + 62. Let u = a - 92. Is u a prime number?
True
Let s(w) = w**3 + 6*w**2 + 5*w - 2. Let m(a) = a**2 - 10*a + 12. Suppose 38 = 4*t - 2*p, 5*t = 5*p - 6*p + 37. Let x be m(t). Is s(x) prime?
False
Let k(x) = 5*x**2 - x + 1. Suppose 4 - 20 = -4*m. Is k(m) prime?
False
Let q = 27 - -31. Is q prime?
False
Let w = -542 + -570. Let g = -403 - w. Is g a composite number?
False
Let r(u) = u**2 - 12*u - 8. Let s be r(13). Suppose 0 = s*t - 0*t - 5, -t = 3*j - 250. Is j prime?
True
Let f(l) = -l**2 - 22*l - 2. Is f(-9) composite?
True
Suppose -3*v + 0*v - 4*f - 29 = 0, 3*f = -v - 18. Is ((-44)/(-6))/((-2)/v) composite?
False
Suppose -3*g + 1449 = 5*c - 500, -5*c + 1951 = 2*g. Is c prime?
False
Let c be (3/(-1) - 176) + 1. Let q = c + 297. Is q composite?
True
Let o(j) = -j**3 - j + 13. Is o(0) a composite number?
False
Suppose 4*w + 12 = w. Is (-3160)/(-15) + w/(-12) composite?
False
Let t = 10 + -8. Suppose t*g - 3*x - 24 = 0, -3*g - 4*x + 36 = -x. Suppose c = -c + g. Is c composite?
True
Suppose -1 = -2*g - 2*r - 3, 19 = 5*g - 3*r. Suppose g*s - 101 = -2*k + 3*s, 3*k - 147 = -3*s. Suppose 3*l - k = -2*l. Is l a prime number?
False
Let b = -1558 + 2313. Is b composite?
True
Suppose 10*v - 429 = 7*v. Is v prime?
False
Let d = -3859 - -6085. Suppose a + 3*a = -o + d, 2*a - 1108 = -3*o. Is a a prime number?
True
Let p be -3 + (3 - 0/2). Suppose h + 7 - 38 = p. Is h a composite number?
False
Let s(t) = 2*t**3 - 6*t**2 + t + 5. Let x be s(-4). Is x*(-1 - -2)*-1 composite?
False
Let y = 4 - -2. Let d be y/3*230/4. Suppose -520 = -5*o + d. Is o composite?
False
Let a(r) = r**3 - 8*r**2 + 6*r + 9. Let n be a(7). Suppose 0 = -g + n*g - 21. Is g/9 - (-4)/6 prime?
True
Let p be 866/8 - (-5)/(-20). Suppose 5*h - p = 17. Is h composite?
True
Suppose 16 = w + 1. Is w a composite number?
True
Let k = -4 - -7. Let z be k/(2/52*2). Suppose -z = -3*t + u, -t = -u - u - 13. Is t a composite number?
False
Suppose 502 = 4*n - 3*r, 0 = -4*n - 6*r + 4*r + 512. Is n a prime number?
True
Suppose 4*w - 7 = 29. Let b be 0/((-3)/w*-3). Suppose -3*r + 3*i = -5*r - 3, 4*r + 2*i - 6 = b. Is r a prime number?
True
Is (191/(-2) - 1)*-2 + -2 a composite number?
False
Let v = 179 - 36. Is v a prime number?
False
Let b be 2 - 2/1 - 0. Suppose b*r = 3*r. Suppose r = -v + 296 + 35. Is v prime?
True
Suppose 13 = -3*h - 14. Let x be 544/(-3) + (-3)/h. Let t = -102 - x. Is t a composite number?
False
Let d = 6 - 11. Let c = 8 + d. Suppose -4*q + c*q = n - 149, 2*n + 282 = 2*q. Is q composite?
True
Let c(u) = -2*u**3 + 8*u**2 + 2*u - 5. Let p be c(-5). Suppose -p = -6*f + f. Is f prime?
False
Suppose d - 1055 = -4*d. Is d prime?
True
Let n = 79 - 45. Suppose -20 = -4*h, -n = -a - h - 2*h. Is a composite?
False
Suppose -2*j = 3*j + 5. Is (-3)/((-1)/(-17)*j) prime?
False
Let y(n) = -47*n**3 + 3*n + 1. Let c be y(-2). Suppose -5*x + c = 3*b, 3*b - 5*x - 341 = 50. Is b a prime number?
True
Suppose -25*c + 14266 = -11*c. Is c a prime number?
True
Is ((-3)/12)/((-2)/56) prime?
True
Let l be (1 - 23)*(-15)/10. Suppose 0 = o - 4*o + l. Is o composite?
False
Suppose -t + 3 = -4*v - 0*t, 0 = 2*t - 6. Let l(r) = r**3 - r**2 + r - 3. Let m be l(v). Is -2*m/(-6)*-31 a composite number?
False
Let b be -2 + (-4 - 6/(-3)). Is 254/(3*b/(-6)) composite?
False
Let z = 358 + -180. Is z prime?
False
Let v(x) = x**3 + 8*x**2 - x - 3. Suppose 2 = -4*t + 2*j - 24, -2*t - 2*j = 16. Is v(t) a prime number?
True
Let x(v) be the first derivative of 2 - 2*v - v**2 + 1/3*v**3. Is x(-2) composite?
True
Suppose -861 = 2*t - 5*t. Is t a composite number?
True
Is (641/(-4))/(2/(-8)) prime?
True
Let g = -321 - -123. Is 1/(-2) - g/4 a composite number?
True
Let b(u) = u + 7. Let c = 2 - 6. Let r b